5 and 399.
7
What is the highest common divisor of 708 and 36?
12
What is the greatest common divisor of 636 and 848?
212
What is the greatest common factor of 444 and 2368?
148
Calculate the greatest common divisor of 121 and 418.
11
What is the greatest common factor of 21 and 336?
21
Calculate the greatest common factor of 198 and 1210.
22
Calculate the greatest common factor of 851 and 37.
37
What is the greatest common factor of 165 and 555?
15
Calculate the highest common factor of 6479 and 627.
209
What is the highest common factor of 52 and 1508?
52
Calculate the greatest common divisor of 144 and 20.
4
Calculate the greatest common divisor of 250 and 2290.
10
Calculate the greatest common factor of 3995 and 85.
85
What is the greatest common factor of 595 and 34?
17
What is the greatest common factor of 32 and 43744?
32
Calculate the greatest common factor of 1581 and 51.
51
Calculate the greatest common factor of 30 and 18.
6
Calculate the highest common factor of 574 and 14.
14
What is the highest common divisor of 2035 and 25?
5
What is the highest common divisor of 6 and 354?
6
Calculate the greatest common divisor of 69 and 1725.
69
What is the highest common factor of 28 and 448?
28
Calculate the highest common divisor of 578 and 629.
17
Calculate the greatest common divisor of 123 and 328.
41
What is the highest common factor of 1544 and 16?
8
What is the greatest common divisor of 1938 and 136?
34
Calculate the greatest common factor of 889 and 7.
7
Calculate the greatest common factor of 46565 and 278.
139
Calculate the highest common factor of 125 and 275.
25
Calculate the greatest common factor of 1057 and 11476.
151
Calculate the greatest common divisor of 38 and 58.
2
What is the greatest common factor of 1125 and 18?
9
What is the highest common factor of 546 and 42?
42
Calculate the highest common divisor of 48 and 540.
12
Calculate the greatest common divisor of 41 and 2993.
41
What is the greatest common divisor of 45 and 285?
15
Calculate the greatest common factor of 36 and 17478.
18
Calculate the highest common divisor of 100 and 4820.
20
Calculate the greatest common divisor of 7 and 448.
7
Calculate the greatest common factor of 15 and 200.
5
What is the greatest common divisor of 72 and 42?
6
What is the highest common divisor of 1346 and 8?
2
What is the highest common factor of 90 and 480?
30
What is the greatest common divisor of 71 and 5609?
71
What is the highest common factor of 5439 and 147?
147
What is the highest common factor of 91 and 119?
7
Calculate the greatest common factor of 9425 and 290.
145
What is the greatest common factor of 975 and 45175?
325
Calculate the highest common divisor of 27 and 234.
9
What is the highest common factor of 180 and 576?
36
What is the highest common factor of 80 and 140?
20
Calculate the greatest common divisor of 56 and 1022.
14
What is the greatest common factor of 23902 and 76?
38
What is the greatest common divisor of 70 and 154?
14
What is the greatest common factor of 304 and 16?
16
Calculate the greatest common divisor of 11 and 671.
11
Calculate the greatest common divisor of 275 and 495.
55
Calculate the greatest common factor of 300 and 180.
60
Calculate the greatest common factor of 6767 and 134.
67
Calculate the highest common factor of 200 and 150.
50
What is the highest common divisor of 12 and 21?
3
What is the highest common divisor of 147 and 245?
49
What is the highest common divisor of 1710 and 20?
10
What is the greatest common divisor of 996 and 48?
12
What is the greatest common factor of 8 and 264?
8
What is the highest common factor of 330 and 30?
30
What is the greatest common divisor of 218 and 6?
2
Calculate the highest common divisor of 7 and 5747.
7
What is the greatest common divisor of 61 and 3721?
61
What is the greatest common factor of 4800 and 390?
30
Calculate the highest common divisor of 3 and 11499.
3
What is the greatest common divisor of 8 and 308?
4
What is the highest common divisor of 2618 and 154?
154
What is the greatest common factor of 5925 and 120?
15
Calculate the highest common factor of 585 and 117.
117
Calculate the highest common factor of 48 and 14376.
24
Calculate the greatest common factor of 1 and 32.
1
What is the greatest common divisor of 13546 and 26?
26
What is the highest common divisor of 84 and 798?
42
What is the highest common factor of 28 and 5362?
14
Calculate the highest common divisor of 29 and 1015.
29
Calculate the greatest common factor of 384 and 3.
3
Calculate the greatest common factor of 286 and 66.
22
What is the highest common divisor of 1981 and 7?
7
Calculate the highest common factor of 616 and 539.
77
What is the highest common factor of 1513 and 17?
17
What is the greatest common divisor of 14 and 1106?
14
What is the highest common factor of 2368 and 64?
64
Calculate the highest common divisor of 8 and 28.
4
Calculate the highest common divisor of 133 and 2.
1
What is the greatest common divisor of 60 and 220?
20
Calculate the greatest common divisor of 6 and 8.
2
Calculate the greatest common factor of 77 and 84.
7
What is the greatest common factor of 200 and 408?
8
Calculate the highest common divisor of 594 and 1242.
54
What is the highest common divisor of 40 and 760?
40
Calculate the highest common divisor of 147 and 1785.
21
What is the highest common divisor of 38 and 19?
19
Calculate the highest common factor of 24 and 96.
24
Calculate the greatest common factor of 10207 and 1211.
173
What is the highest common divisor of 1350 and 50?
50
Calculate the highest common divisor of 42 and 12663.
21
What is the highest common factor of 185 and 40?
5
Calculate the greatest common divisor of 215 and 301.
43
What is the highest common factor of 1952 and 1037?
61
Calculate the highest common divisor of 552 and 720.
24
What is the highest common divisor of 29770 and 130?
130
What is the highest common factor of 120 and 340?
20
Calculate the highest common factor of 16 and 40.
8
Calculate the highest common factor of 938 and 70.
14
What is the greatest common factor of 200 and 30?
10
What is the highest common factor of 18479 and 51?
17
Calculate the greatest common divisor of 178 and 801.
89
What is the highest common factor of 4 and 6152?
4
What is the greatest common divisor of 36 and 3798?
18
Calculate the greatest common divisor of 16277 and 41.
41
What is the highest common divisor of 3258 and 90?
18
Calculate the highest common factor of 618 and 12.
6
Calculate the greatest common factor of 357 and 24.
3
What is the greatest common factor of 24 and 34044?
12
What is the greatest common divisor of 12 and 3756?
12
What is the greatest common divisor of 4816 and 64?
16
Calculate the highest common divisor of 66 and 88.
22
Calculate the greatest common divisor of 162 and 297.
27
Calculate the highest common divisor of 81 and 153.
9
Calculate the greatest common divisor of 20 and 4860.
20
What is the highest common divisor of 609 and 21?
21
What is the greatest common divisor of 4092 and 44?
44
Calculate the highest common factor of 39 and 169.
13
What is the highest common divisor of 451 and 55?
11
Calculate the greatest common factor of 7 and 287.
7
What is the highest common factor of 486 and 18?
18
Calculate the greatest common factor of 1235 and 1140.
95
Calculate the greatest common divisor of 104 and 26.
26
What is the highest common divisor of 99 and 88?
11
What is the highest common divisor of 28 and 4?
4
What is the highest common divisor of 147 and 3?
3
What is the greatest common divisor of 1965 and 915?
15
What is the highest common factor of 33 and 231?
33
What is the highest common divisor of 9 and 1728?
9
Calculate the greatest common divisor of 22 and 6754.
22
What is the greatest common factor of 95 and 665?
95
Calculate the highest common divisor of 37 and 296.
37
Calculate the greatest common divisor of 20 and 160.
20
Calculate the greatest common divisor of 18 and 28.
2
Calculate the highest common divisor of 276 and 644.
92
What is the highest common divisor of 18 and 78?
6
Calculate the greatest common divisor of 27 and 171.
9
Calculate the greatest common factor of 128 and 224.
32
What is the highest common divisor of 1372 and 49?
49
Calculate the high